[INFO] cloning repository https://github.com/mitchmindtree/stm32f4xx-rtic-blinky
[INFO] running `Command { std: "git" "-c" "credential.helper=" "-c" "credential.helper=/workspace/cargo-home/bin/git-credential-null" "clone" "--bare" "https://github.com/mitchmindtree/stm32f4xx-rtic-blinky" "/workspace/cache/git-repos/https%3A%2F%2Fgithub.com%2Fmitchmindtree%2Fstm32f4xx-rtic-blinky", kill_on_drop: false }`
[INFO] [stderr] Cloning into bare repository '/workspace/cache/git-repos/https%3A%2F%2Fgithub.com%2Fmitchmindtree%2Fstm32f4xx-rtic-blinky'...
[INFO] running `Command { std: "git" "rev-parse" "HEAD", kill_on_drop: false }`
[INFO] [stdout] 32aa6cc063adededd6eac55e1fc7b881bc238909
[INFO] checking mitchmindtree/stm32f4xx-rtic-blinky against master#af3c6e733a40e671550e0f0f5aeecaa13772ba56 for pr-74989
[INFO] running `Command { std: "git" "clone" "/workspace/cache/git-repos/https%3A%2F%2Fgithub.com%2Fmitchmindtree%2Fstm32f4xx-rtic-blinky" "/workspace/builds/worker-12/source", kill_on_drop: false }`
[INFO] [stderr] Cloning into '/workspace/builds/worker-12/source'...
[INFO] [stderr] done.
[INFO] validating manifest of git repo https://github.com/mitchmindtree/stm32f4xx-rtic-blinky on toolchain af3c6e733a40e671550e0f0f5aeecaa13772ba56
[INFO] running `Command { std: "/workspace/cargo-home/bin/cargo" "+af3c6e733a40e671550e0f0f5aeecaa13772ba56" "read-manifest" "--manifest-path" "Cargo.toml", kill_on_drop: false }`
[INFO] removed /workspace/builds/worker-12/source/.cargo/config
[INFO] started tweaking git repo https://github.com/mitchmindtree/stm32f4xx-rtic-blinky
[INFO] finished tweaking git repo https://github.com/mitchmindtree/stm32f4xx-rtic-blinky
[INFO] tweaked toml for git repo https://github.com/mitchmindtree/stm32f4xx-rtic-blinky written to /workspace/builds/worker-12/source/Cargo.toml
[INFO] crate git repo https://github.com/mitchmindtree/stm32f4xx-rtic-blinky already has a lockfile, it will not be regenerated
[INFO] running `Command { std: "/workspace/cargo-home/bin/cargo" "+af3c6e733a40e671550e0f0f5aeecaa13772ba56" "fetch" "--locked" "--manifest-path" "Cargo.toml", kill_on_drop: false }`
[INFO] running `Command { std: "docker" "create" "-v" "/var/lib/crater-agent-workspace/builds/worker-12/target:/opt/rustwide/target:rw,Z" "-v" "/var/lib/crater-agent-workspace/builds/worker-12/source:/opt/rustwide/workdir:ro,Z" "-v" "/var/lib/crater-agent-workspace/cargo-home:/opt/rustwide/cargo-home:ro,Z" "-v" "/var/lib/crater-agent-workspace/rustup-home:/opt/rustwide/rustup-home:ro,Z" "-e" "SOURCE_DIR=/opt/rustwide/workdir" "-e" "CARGO_TARGET_DIR=/opt/rustwide/target" "-e" "CARGO_HOME=/opt/rustwide/cargo-home" "-e" "RUSTUP_HOME=/opt/rustwide/rustup-home" "-w" "/opt/rustwide/workdir" "-m" "1610612736" "--user" "0:0" "--network" "none" "rustops/crates-build-env@sha256:d92eaeed33fa75130ca1ee6c8a01d1ffb62bac859dfdfb3450e3e5d1c0146529" "/opt/rustwide/cargo-home/bin/cargo" "+af3c6e733a40e671550e0f0f5aeecaa13772ba56" "metadata" "--no-deps" "--format-version=1", kill_on_drop: false }`
[INFO] [stdout] c7a69860317dbfc430a9561913fcb328ec94e5ac0ede536706b0d04b8e717dec
[INFO] [stderr] WARNING: Your kernel does not support swap limit capabilities or the cgroup is not mounted. Memory limited without swap.
[INFO] running `Command { std: "docker" "start" "-a" "c7a69860317dbfc430a9561913fcb328ec94e5ac0ede536706b0d04b8e717dec", kill_on_drop: false }`
[INFO] running `Command { std: "docker" "inspect" "c7a69860317dbfc430a9561913fcb328ec94e5ac0ede536706b0d04b8e717dec", kill_on_drop: false }`
[INFO] running `Command { std: "docker" "rm" "-f" "c7a69860317dbfc430a9561913fcb328ec94e5ac0ede536706b0d04b8e717dec", kill_on_drop: false }`
[INFO] [stdout] c7a69860317dbfc430a9561913fcb328ec94e5ac0ede536706b0d04b8e717dec
[INFO] running `Command { std: "docker" "create" "-v" "/var/lib/crater-agent-workspace/builds/worker-12/target:/opt/rustwide/target:rw,Z" "-v" "/var/lib/crater-agent-workspace/builds/worker-12/source:/opt/rustwide/workdir:ro,Z" "-v" "/var/lib/crater-agent-workspace/cargo-home:/opt/rustwide/cargo-home:ro,Z" "-v" "/var/lib/crater-agent-workspace/rustup-home:/opt/rustwide/rustup-home:ro,Z" "-e" "SOURCE_DIR=/opt/rustwide/workdir" "-e" "CARGO_TARGET_DIR=/opt/rustwide/target" "-e" "CARGO_INCREMENTAL=0" "-e" "RUST_BACKTRACE=full" "-e" "RUSTFLAGS=--cap-lints=forbid" "-e" "CARGO_HOME=/opt/rustwide/cargo-home" "-e" "RUSTUP_HOME=/opt/rustwide/rustup-home" "-w" "/opt/rustwide/workdir" "-m" "1610612736" "--user" "0:0" "--network" "none" "rustops/crates-build-env@sha256:d92eaeed33fa75130ca1ee6c8a01d1ffb62bac859dfdfb3450e3e5d1c0146529" "/opt/rustwide/cargo-home/bin/cargo" "+af3c6e733a40e671550e0f0f5aeecaa13772ba56" "check" "--frozen" "--all" "--all-targets" "--message-format=json", kill_on_drop: false }`
[INFO] [stdout] ea30a3f1119390108a955e5daaa709d34badccca9965f166bf4c92bb37bc842d
[INFO] [stderr] WARNING: Your kernel does not support swap limit capabilities or the cgroup is not mounted. Memory limited without swap.
[INFO] running `Command { std: "docker" "start" "-a" "ea30a3f1119390108a955e5daaa709d34badccca9965f166bf4c92bb37bc842d", kill_on_drop: false }`
[INFO] [stderr]    Compiling semver-parser v0.7.0
[INFO] [stderr]    Compiling proc-macro2 v1.0.18
[INFO] [stderr]    Compiling unicode-xid v0.2.1
[INFO] [stderr]    Compiling syn v1.0.34
[INFO] [stderr]    Compiling cortex-m v0.6.2
[INFO] [stderr]     Checking stable_deref_trait v1.2.0
[INFO] [stderr]    Compiling autocfg v1.0.0
[INFO] [stderr]    Compiling byteorder v1.3.4
[INFO] [stderr]     Checking vcell v0.1.2
[INFO] [stderr]    Compiling cortex-m-rt v0.6.12
[INFO] [stderr]     Checking r0 v0.2.2
[INFO] [stderr]     Checking nb v1.0.0
[INFO] [stderr]    Compiling stm32f4 v0.11.0
[INFO] [stderr]    Compiling heapless v0.5.5
[INFO] [stderr]    Compiling stm32f4xx-rtic-blinky v0.1.0 (/opt/rustwide/workdir)
[INFO] [stderr]     Checking rtic-core v0.3.0
[INFO] [stderr]     Checking rand_core v0.5.1
[INFO] [stderr]     Checking panic-halt v0.2.0
[INFO] [stderr]    Compiling cortex-m-rtic v0.5.3
[INFO] [stderr]     Checking volatile-register v0.2.0
[INFO] [stderr]     Checking nb v0.1.3
[INFO] [stderr]     Checking generic-array v0.13.2
[INFO] [stderr]     Checking embedded-hal v0.2.4
[INFO] [stderr]    Compiling semver v0.9.0
[INFO] [stderr]    Compiling indexmap v1.4.0
[INFO] [stderr]     Checking as-slice v0.1.3
[INFO] [stderr]    Compiling rustc_version v0.2.3
[INFO] [stderr]     Checking hash32 v0.1.1
[INFO] [stderr]    Compiling bare-metal v0.2.5
[INFO] [stderr]    Compiling cast v0.2.3
[INFO] [stderr]     Checking aligned v0.3.2
[INFO] [stderr]    Compiling quote v1.0.7
[INFO] [stderr]    Compiling rtic-syntax v0.4.0
[INFO] [stderr]    Compiling cortex-m-rt-macros v0.1.8
[INFO] [stderr]    Compiling cortex-m-rtic-macros v0.5.0
[INFO] [stderr]     Checking stm32f4xx-hal v0.8.3
[INFO] [stdout] error[E0432]: unresolved import `rtic::cyccnt`
[INFO] [stdout]  --> src/main.rs:8:11
[INFO] [stdout]   |
[INFO] [stdout] 8 | use rtic::cyccnt::U32Ext;
[INFO] [stdout]   |           ^^^^^^ could not find `cyccnt` in `rtic`
[INFO] [stdout] 
[INFO] [stdout] 
[INFO] [stdout] error[E0433]: failed to resolve: could not find `cyccnt` in `rtic`
[INFO] [stdout]   --> src/main.rs:14:76
[INFO] [stdout]    |
[INFO] [stdout] 14 | #[app(device = stm32f4xx_hal::stm32, peripherals = true, monotonic = rtic::cyccnt::CYCCNT)]
[INFO] [stdout]    |                                                                            ^^^^^^ could not find `cyccnt` in `rtic`
[INFO] [stdout] 
[INFO] [stdout] 
[INFO] [stdout] error: language item required, but not found: `eh_personality`
[INFO] [stdout] 
[INFO] [stdout] 
[INFO] [stdout] error[E0599]: no method named `cycles` found for type `u32` in the current scope
[INFO] [stdout]   --> src/main.rs:38:47
[INFO] [stdout]    |
[INFO] [stdout] 38 |         cx.schedule.blink(cx.start + CYCLE_HZ.cycles()).unwrap();
[INFO] [stdout]    |                                               ^^^^^^ method not found in `u32`
[INFO] [stdout] 
[INFO] [stdout] 
[INFO] [stdout] error[E0599]: no method named `cycles` found for type `u32` in the current scope
[INFO] [stdout]   --> src/main.rs:46:51
[INFO] [stdout]    |
[INFO] [stdout] 46 |         cx.schedule.blink(cx.scheduled + CYCLE_HZ.cycles()).unwrap();
[INFO] [stdout]    |                                                   ^^^^^^ method not found in `u32`
[INFO] [stdout] 
[INFO] [stdout] 
[INFO] [stdout] error[E0282]: type annotations needed
[INFO] [stdout]   --> src/main.rs:14:1
[INFO] [stdout]    |
[INFO] [stdout] 14 | #[app(device = stm32f4xx_hal::stm32, peripherals = true, monotonic = rtic::cyccnt::CYCCNT)]
[INFO] [stdout]    | ^^^^^^^^^^^^^^^^^^^^^^^^^^^^^^^^^^^^^^^^^^^^^^^^^^^^^^^^^^^^^^^^^^^^^^^^^^^^^^^^^^^^^^^^^^^
[INFO] [stdout]    |
[INFO] [stdout]    = note: type must be known at this point
[INFO] [stdout]    = note: this error originates in an attribute macro (in Nightly builds, run with -Z macro-backtrace for more info)
[INFO] [stdout] 
[INFO] [stdout] 
[INFO] [stdout] error: aborting due to 6 previous errors
[INFO] [stdout] 
[INFO] [stdout] 
[INFO] [stdout] Some errors have detailed explanations: E0282, E0432, E0433, E0599.
[INFO] [stdout] 
[INFO] [stdout] For more information about an error, try `rustc --explain E0282`.
[INFO] [stdout] 
[INFO] [stdout] error[E0432]: unresolved import `rtic::cyccnt`
[INFO] [stdout]  --> src/main.rs:8:11
[INFO] [stdout]   |
[INFO] [stdout] 8 | use rtic::cyccnt::U32Ext;
[INFO] [stdout]   |           ^^^^^^ could not find `cyccnt` in `rtic`
[INFO] [stdout] 
[INFO] [stdout] 
[INFO] [stdout] error[E0433]: failed to resolve: could not find `cyccnt` in `rtic`
[INFO] [stdout]   --> src/main.rs:14:76
[INFO] [stdout]    |
[INFO] [stdout] 14 | #[app(device = stm32f4xx_hal::stm32, peripherals = true, monotonic = rtic::cyccnt::CYCCNT)]
[INFO] [stdout]    |                                                                            ^^^^^^ could not find `cyccnt` in `rtic`
[INFO] [stdout] 
[INFO] [stdout] 
[INFO] [stderr] error: could not compile `stm32f4xx-rtic-blinky`.
[INFO] [stderr] 
[INFO] [stderr] To learn more, run the command again with --verbose.
[INFO] [stderr] warning: build failed, waiting for other jobs to finish...
[INFO] [stdout] error: duplicate lang item in crate `std` (which `test` depends on): `panic_impl`.
[INFO] [stdout]   |
[INFO] [stdout]   = note: the lang item is first defined in crate `panic_halt` (which `stm32f4xx_rtic_blinky` depends on)
[INFO] [stdout]   = note: first definition in `panic_halt` loaded from /opt/rustwide/target/debug/deps/libpanic_halt-574608e11c22a401.rmeta
[INFO] [stdout]   = note: second definition in `std` loaded from /opt/rustwide/rustup-home/toolchains/af3c6e733a40e671550e0f0f5aeecaa13772ba56/lib/rustlib/x86_64-unknown-linux-gnu/lib/libstd-faa3fd6c69b73b7d.rlib
[INFO] [stdout] 
[INFO] [stdout] 
[INFO] [stdout] error[E0599]: no method named `cycles` found for type `u32` in the current scope
[INFO] [stdout]   --> src/main.rs:38:47
[INFO] [stdout]    |
[INFO] [stdout] 38 |         cx.schedule.blink(cx.start + CYCLE_HZ.cycles()).unwrap();
[INFO] [stdout]    |                                               ^^^^^^ method not found in `u32`
[INFO] [stdout] 
[INFO] [stdout] 
[INFO] [stdout] error[E0599]: no method named `cycles` found for type `u32` in the current scope
[INFO] [stdout]   --> src/main.rs:46:51
[INFO] [stdout]    |
[INFO] [stdout] 46 |         cx.schedule.blink(cx.scheduled + CYCLE_HZ.cycles()).unwrap();
[INFO] [stdout]    |                                                   ^^^^^^ method not found in `u32`
[INFO] [stdout] 
[INFO] [stdout] 
[INFO] [stdout] error[E0282]: type annotations needed
[INFO] [stdout]   --> src/main.rs:14:1
[INFO] [stdout]    |
[INFO] [stdout] 14 | #[app(device = stm32f4xx_hal::stm32, peripherals = true, monotonic = rtic::cyccnt::CYCCNT)]
[INFO] [stdout]    | ^^^^^^^^^^^^^^^^^^^^^^^^^^^^^^^^^^^^^^^^^^^^^^^^^^^^^^^^^^^^^^^^^^^^^^^^^^^^^^^^^^^^^^^^^^^
[INFO] [stdout]    |
[INFO] [stdout]    = note: type must be known at this point
[INFO] [stdout]    = note: this error originates in an attribute macro (in Nightly builds, run with -Z macro-backtrace for more info)
[INFO] [stdout] 
[INFO] [stdout] 
[INFO] [stdout] error: aborting due to 6 previous errors
[INFO] [stdout] 
[INFO] [stdout] 
[INFO] [stdout] Some errors have detailed explanations: E0282, E0432, E0433, E0599.
[INFO] [stdout] 
[INFO] [stdout] For more information about an error, try `rustc --explain E0282`.
[INFO] [stdout] 
[INFO] [stderr] error: build failed
[INFO] running `Command { std: "docker" "inspect" "ea30a3f1119390108a955e5daaa709d34badccca9965f166bf4c92bb37bc842d", kill_on_drop: false }`
[INFO] running `Command { std: "docker" "rm" "-f" "ea30a3f1119390108a955e5daaa709d34badccca9965f166bf4c92bb37bc842d", kill_on_drop: false }`
[INFO] [stdout] ea30a3f1119390108a955e5daaa709d34badccca9965f166bf4c92bb37bc842d
